the greatest common factor of 21 and m?
7
Let r be (68 - -1)*(-6)/(-18). Let n = 79 - r. What is the greatest common divisor of 14 and n?
14
Suppose -5*s - 37 = -182. Let p = s + -14. What is the greatest common factor of 75 and p?
15
Let b(n) = n**3 + 8*n**2 + 4*n + 5. Let v be b(-7). What is the highest common divisor of 13 and v?
13
Suppose 60 = 4*w + 5*x, 3*x + 5 = -7. What is the greatest common divisor of w and 220?
20
Let s(p) = 4*p + 4. Let o be s(5). Let l = -1 + -3. Let r be (18/(-1))/(l/8). What is the greatest common factor of o and r?
12
Let a be ((-5)/2)/((-1)/4). What is the greatest common factor of 4 and a?
2
Suppose 0 = -3*x + 21 - 9. Suppose x*i - 8 = -0. Suppose 2*w = -0*w + i. Calculate the greatest common divisor of 11 and w.
1
Let z(i) = 3*i**2 - 3*i - 3. Let m be z(3). Let c(x) = -x + 105. Let b be 0*(0 - -1 - 2). Let a be c(b). Calculate the highest common factor of m and a.
15
Let x = 0 - -5. Suppose -5*b = 3*m - 0*b + 14, 3*b + 10 = -m. What is the highest common divisor of x and m?
1
Suppose 3*w - 1721 = 5*a, -w - w = -4*a - 1148. Calculate the greatest common factor of 52 and w.
52
Suppose 155 = 2*s - 431. Suppose 5*p = 4*o + s, 5*o = p - 6*p + 275. Calculate the greatest common divisor of p and 38.
19
Let p = 12 - 3. Let i = -40 + 82. Suppose 4*a - a = -3*d + i, -2*d = -a - 1. Calculate the greatest common factor of a and p.
9
Suppose 5*g = -3*g + 2*g. Suppose 0 = 4*m - w + 3*w - 888, -m + w = -216. Suppose 4*p - m = -g*p. What is the greatest common factor of p and 11?
11
Suppose 0 = 130*o - 131*o + 16. What is the highest common factor of o and 128?
16
Let m(z) = 4*z - 8. Suppose 0 = 2*s + 15 - 1. Let j be m(s). Let u be (j/(-15))/((-2)/(-60)). Calculate the greatest common factor of 9 and u.
9
Let s = 86 + -46. Let b(j) = -j**2 + 4*j + 4. Let c be b(3). Suppose 4*a - 47 = -c. Calculate the greatest common factor of a and s.
10
Let q(g) = -2*g - 1. Let m be q(-3). Let i = 3 - -7. What is the greatest common factor of i and m?
5
Let y = 31 - 15. What is the greatest common factor of y and 24?
8
Let a be (2 + -82)/((2 - 1)/(-1)). What is the highest common factor of a and 40?
40
Let h(g) = g**3 - g**2 - 30. Let k be h(0). Let f be k*((-8)/(-5))/(-2). Suppose z = 5*z - 24. What is the greatest common divisor of z and f?
6
Let v = -10 + 16. Suppose 3 = k + r, -3*k - 4 = -v*k + 2*r. Let t be 2 - k - -1 - -24. Calculate the highest common divisor of 5 and t.
5
Let t = -4 + 4. Suppose d + x = 5, t = -3*d + 4*x - 0*x - 20. Let w be d + 0 + -1 + 7. What is the highest common factor of w and 15?
3
Let l = -146 + 148. What is the highest common factor of 9 and l?
1
Suppose -2*o - 4*i = -34, -i - i = 4*o - 80. What is the highest common factor of 42 and o?
21
Suppose 11 = 4*p - 13. Suppose -p*c + c = -660. Calculate the highest common factor of 12 and c.
12
Suppose 2*w - 6 + 2 = 0. Suppose -5*l + 24 = -16. Calculate the highest common factor of l and w.
2
Let o be (-3)/((-12)/40) + 2. Let x = 5 - 2. Calculate the greatest common divisor of o and x.
3
Suppose 50 = -2*n + 4*r, -5*n - 5*r + 0*r = 125. Let h = n + 35. Calculate the highest common divisor of h and 110.
10
Let x(r) = r**3 + 5*r**2 + 2*r - 4. Suppose g + 1 + 3 = 0. Let b be x(g). Let l be (b/3)/((-2)/(-39)). What is the highest common divisor of l and 13?
13
Suppose -11*k + 10*k - 2 = 0. Let h = 16 + k. What is the greatest common divisor of h and 35?
7
Suppose 0*b + 4*b - 8 = 0. Let k(v) = -v**2 + 7*v - 5. Suppose -5*h + 0 + 25 = 0. Let f be k(h). What is the greatest common factor of f and b?
1
Suppose 28*h = 21*h + 266. Calculate the highest common divisor of 57 and h.
19
Let k(b) = -b**3 + 6*b**2 + 3*b + 4. Let x be k(6). Let n be (2 + 5/(-2))*-66. Calculate the greatest common factor of n and x.
11
Suppose p = -2*a + 5, 18 = 5*a - 2*p - 8. Let i(r) = 2*r - 5. Let s be i(a). What is the greatest common divisor of s and 12?
3
Let c = 273 + -147. Calculate the highest common divisor of 18 and c.
18
Suppose 2*b + b - 21 = 0. What is the highest common divisor of 63 and b?
7
Let z = -226 + 366. What is the greatest common factor of z and 20?
20
Let x be 13 + -11 + (0 - -1) - -117. Calculate the greatest common factor of x and 15.
15
Suppose 0 = -2*l - l + 27. Let u be (2/6)/(2*(-4)/(-2376)). Calculate the highest common factor of l and u.
9
Let y(u) = 3*u. Let c be y(-2). Let o be c*6/9 - -16. What is the highest common factor of o and 48?
12
Suppose -9*q = 2*q - 143. Let h(d) = -3 + 3 - 21*d + 2. Let w be h(-3). What is the highest common factor of q and w?
13
Let h(b) = 10*b + 24. Let f be h(4). What is the highest common factor of 16 and f?
16
Let j = 13 + 3. Let n = 10 - 2. Calculate the highest common divisor of j and n.
8
Suppose 5*o - 3*v - 20 - 18 = 0, 36 = 5*o - v. Let r(d) = 2*d - 6. Let t be r(o). Calculate the highest common divisor of t and 72.
8
Let x be 6/(-33) + 464/11. What is the greatest common factor of x and 6?
6
Let a be (3/(-2))/((-3)/20). Let b be (-18 + -2)*(3 + -6). Calculate the greatest common divisor of a and b.
10
Let g(z) = -z**2 + 15*z + 1. Let s be g(7). Let n = 262 + s. What is the highest common divisor of n and 29?
29
Let g be 0/((-2)/(-4)*-2). Let k(f) = 8*f - 5. Let a be k(2). Suppose g*p = p - a. What is the highest common factor of p and 66?
11
Let y(o) = -o**3 - o**2 + 3*o + 4. Let n be y(-3). Suppose 0*r + 5*m = -4*r + 339, 5*m + 207 = 2*r. Calculate the greatest common divisor of r and n.
13
Let j(m) = m**2 + m - 3. Let o be j(-3). Suppose -4*h + 8 + 4 = 0. Suppose -s + h = 0, 4*g - o*s - 271 = -g. What is the greatest common factor of 8 and g?
8
Let z(y) = y**3 - 4*y**2 - y + 4. Let f be z(5). What is the greatest common factor of f and 12?
12
Let t(v) = -v**3 - 10*v**2 - 2*v - 10. Let r be t(-10). What is the highest common divisor of 110 and r?
10
Let h = -19 - -24. Calculate the greatest common factor of 25 and h.
5
Suppose -1017 - 1083 = -10*x. Calculate the greatest common factor of 30 and x.
30
Suppose 2*a = 4*b + 4, -55 = -5*a - 3*b - 2*b. Calculate the greatest common factor of 64 and a.
8
Let t be (-2426)/(-14) + 4/(-14). Let p = 245 - t. Calculate the highest common factor of 18 and p.
18
Let v = 198 + -149. Calculate the highest common factor of 49 and v.
49
Let s = 849 + -184. Suppose -3*l - s = -5*t + 2*l, -2*t = -l - 261. Calculate the greatest common divisor of t and 16.
16
Let g(m) = 2*m - 2. Let s be g(6). Suppose 10 + s = 2*r. Let d be (6 + 3)/((-2)/(-20)). Calculate the highest common divisor of d and r.
10
Let s(f) = 5*f - 2. Let r(d) = d. Let c be (-3 - (-2 - 0))/1. Let w(u) = c*s(u) + 6*r(u). Let p be w(2). Calculate the greatest common factor of p and 2.
2
Suppose 2*z - 84 = 5*p - 259, 5*p - 155 = -2*z. Let d = 65 + -43. Calculate the greatest common factor of p and d.
11
Let t = -1 - -33. Suppose 2*h + 6 - 2 = 0. Let y be (-33)/(-4) - h/(-8). What is the greatest common factor of t and y?
8
Let t = -3 - -13. Suppose 0*s + 110 = s. Calculate the highest common divisor of s and t.
10
Suppose 135 = -t + 6*t. Suppose s + 1 = t. Calculate the greatest common divisor of s and 26.
26
Let j = 115 - 59. What is the highest common factor of 7 and j?
7
Let l(w) = 3*w**2 + 2*w - 1. Let k be l(-2). Let g(c) = -c + 11. Let f be g(k). What is the greatest common divisor of f and 44?
4
Let z = 0 + -2. Let f be (-22)/(-1*2) - z. Suppose -3*k - 3*s + 0*s = -303, -3*k = -4*s - 324. What is the highest common factor of k and f?
13
Let p = 121 - 81. What is the greatest common factor of p and 16?
8
Let k = 2 + -37. Let b be 4/(-14) + (-10)/k. Suppose -3*q + 0*q + 15 = b. What is the greatest common divisor of q and 45?
5
Let d(s) = s - 3. Let u be d(7). Suppose -u*h = -46 + 10. What is the greatest common factor of h and 72?
9
Suppose -7*m = v - 12*m - 18, -5*v + 168 = m. Suppose -114 = -p - p + 5*s, p + s = 50. Let h = p + -30. What is the highest common divisor of h and v?
11
Let n = 1 + -1. Suppose r - 10 = -n*r. Suppose -154 = -4*z + 46. What is the highest common factor of r and z?
10
Let h(z) = -z**3 + 11*z**2 - 7*z - 9. Let p be h(10). Let x(g) = 35*g - 7. Let q be x(5). Calculate the greatest common factor of q and p.
21
Let r be 4 + (0 - (-5 + 2)). Calculate the greatest common factor of 21 and r.
7
Let 